m(a).
-5
Let w(s) = s**3 + 9*s**2 + 10*s + 18. Let y be w(-8). Let x(j) = 8 - 78*j + 145*j - 75*j - j**y. Determine x(-8).
8
Let l(c) = 10*c + 46 + 5*c - 17*c. Let f be l(22). Suppose 0*o + 22 = f*o - 2*n, 2*o = 5*n + 37. Let b(v) = -v**2 + 8*v - 5. Calculate b(o).
7
Suppose 4*w - 18 = -5*g, g + 2*w - 2 = 4. Let r(z) = -1 - z**2 + 0*z**g + 43*z - 48*z. Suppose 4*p + 12 = -b - 1, 3 = -3*p - 3*b. Give r(p).
3
Let o(z) be the third derivative of -z**6/120 - z**5/15 - z**4/12 - 7*z**3/6 - 6936*z**2. Give o(-4).
1
Let p(k) = 3*k + 1 - 2*k + 13. Let z = 132 - 131. Let b be -28 + 22 - (z - -1). Calculate p(b).
6
Let k(w) = 2*w - 33. Let s be k(21). Let b(m) = -m**3 + 49*m**2 + s - 23*m**2 - 10*m - 17*m**2. Let a = 3 + 5. Determine b(a).
-7
Let g = 13144 - 13157. Let v(x) = -2*x**3 - 25*x**2 + 15*x + 9. Determine v(g).
-17
Let n(j) = 7*j + 97 - j**2 + 0*j**2 - 101. Let r = -55 - -84. Let i = 35 - r. Give n(i).
2
Let h be -7 + (57 - 13) + 1 + -7. Suppose 4*v = 23 - h. Let c(j) = -7*j**2 + j. Give c(v).
-30
Let o = -195 - -199. Suppose o*s = -4*q + 32, -2*s - 14 = -4*q - 6. Let j(m) = m**3 - 2*m**2 - 8*m - 5. Determine j(s).
-5
Let m(h) = 6*h**2 - 11*h + 0 - 3 + 4 - 7*h**2. Let v(p) = -p**2 - 5*p. Let l(z) = -2*m(z) + 5*v(z). Suppose -121 + 61 = 30*b. Calculate l(b).
-8
Let k = 26 + -24. Let v(h) = h + h - h**2 + k*h + 8. Suppose 2*i = -5*y - 0 - 3, -5*y - 15 = 0. Give v(i).
-4
Suppose 2*h + 2*n - 5*n = 0, -5*n = 10. Let x be h/(4 - 19/4). Let s(b) = -1. Let c(k) = k**2 - 3*k. Let o(w) = -2*c(w) + 4*s(w). Determine o(x).
-12
Let g(p) = -3*p**3 - 14*p**2 - 17*p + 2. Let o(k) = -8*k**3 - 37*k**2 - 45*k + 6. Let t(u) = -19*g(u) + 7*o(u). Let z be 5/2*(1 + -3). Determine t(z).
14
Let a(x) = 2*x + 79 - 14*x - 2*x + 56 + 21*x. Calculate a(-17).
16
Let u(j) be the third derivative of j**8/20160 + 7*j**6/720 - 4*j**5/15 - 65*j**2. Let m(s) be the third derivative of u(s). What is m(0)?
7
Let a(w) = -182*w**2 + 190*w - 48. Let j(s) = -24*s**2 + 27*s - 7. Let y(p) = 2*a(p) - 15*j(p). Give y(-9).
-90
Let i = -2/86569 - -606031/2077656. Let t(r) be the third derivative of -1/15*r**5 - 1/120*r**6 + 0 + 1/3*r**3 + i*r**4 - 34*r**2 + 0*r. Give t(-5).
-8
Let q(h) = -3*h**2 + 3*h + 1. Let w be q(-1). Let v be (-758)/(-20) + w/(-50). Suppose 16 = 4*z, 5*c + 4*z - v = -2. Let s(i) = i**2 - 3*i + 5. Calculate s(c).
9
Let q(j) = -3*j**3 + 22*j**2 - 5*j - 14. Let l be q(7). Suppose l = -18*x + 23 - 131. Let m(n) = 7*n - 2 + 3*n**2 - 2*n**2 - n. What is m(x)?
-2
Suppose -o = -4, -o = 5*n - 9*n - 104. Let c = -21 - n. Let x(m) = 2*m + m**2 - c*m + 4*m - m + 3. Determine x(0).
3
Let g(v) = v**3 + 5*v**2 + 2*v - 1. Suppose 2*o - 10 = -5*f, 0 = 5*o + f - 6 - 19. Suppose 2*p + o*k = -3, 2*p - 5*p - 17 = -5*k. Determine g(p).
7
Let t = -15 - -23. Let l(p) be the second derivative of -162*p + 2/3*p**4 + 0 - 1/20*p**5 - 1/3*p**3 + 4*p**2. Give l(t).
-8
Let x(c) = c**2 - 14*c - 62. Suppose p = 2*b - 38, -2*p - 3 = 1. Let j be x(b). Let d(i) = -2*i - 19*i + 1 + j*i - 5*i**2 - i**3 + 9*i. Give d(-4).
-7
Let m(i) = -25*i**2 + 126*i. Let y be (-2)/(24/(-240)*(2 + 2)). What is m(y)?
5
Let f be (-24)/(-36)*9 + 4. Let r(i) = 13. Let d(j) = j - 15. Let t(m) = -3*d(m) - 2*r(m). Give t(f).
-11
Let a(o) = -o**3 - o**2. Let u(p) = 5*p**3 - 2*p**2 + p. Let k(n) = -4*a(n) - u(n). Let q = -351 + 417. Suppose -128*d = -139*d + q. What is k(d)?
-6
Let w = 17 - 4. Suppose z - 3*a = -0*a - w, 0 = -3*z - 4*a + 13. Let l(x) = -8*x**3 - x**2 + 1. Calculate l(z).
8
Let d(q) = 160*q**2 - 16 + 45 - 318*q**2 + 157*q**2 + 36 - 17*q. Calculate d(-22).
-45
Let y(r) be the first derivative of -195 + 1/2*r**2 + 0*r. Give y(5).
5
Suppose -19*w = -14*w + 3*u + 10, -3*w - 47 = 10*u. Let a(x) be the first derivative of 3*x**2 - x + 2. Give a(w).
5
Let t(x) = 173*x**2 - 172*x**2 - 3392*x + 3382*x + 3. Suppose 3*l = -l - 8. Let u be -3*-6*(-1)/l. Give t(u).
-6
Let v(m) be the third derivative of m**6/120 + m**5/60 + 5*m**4/12 - 31*m**3/6 - 2*m**2 + 230*m - 5. Calculate v(2).
1
Let c be (-2)/(-8) - 270/24. Let o(q) be the first derivative of -q**3/3 - 13*q**2/2 - 9*q - 200. Give o(c).
13
Let m(a) = -18*a + 84. Let z(s) = -8*s + 42. Let k(d) = -3*m(d) + 7*z(d). Calculate k(8).
26
Let f(h) = -4*h**2 + 3*h + 2. Let l = 188 - 174. Suppose l*s + 38 = 10. Give f(s).
-20
Let i(r) = 5*r + 15 + r + 3 + 0*r. Let n be i(-2). Suppose 6*w = 9*w + n. Let g(d) = 3*d**2 + 3*d + 1. Give g(w).
7
Let k(h) = 1115*h + 71 - 1126*h + 12. Calculate k(7).
6
Let q = 371 + -365. Let w(u) = -u**3 + 5*u**2 - 57*u + 112*u - 54*u - q. Give w(5).
-1
Let a(u) = -u - u**2 - 17 - 2731*u**3 - 2652*u**3 + 5384*u**3. Let l be (-6)/(-4)*4/2. Suppose -2*y = -l*y. What is a(y)?
-17
Let s(q) = q**3 - 25*q**2 + 25*q - 9. Let n(d) = -125*d + 524. Let g be n(4). Give s(g).
15
Let k(i) = -3*i**2 - i. Let c be k(-1). Let a(d) = -d**2 - 12*d - 1. Let r(q) = 18*q**2 + 181*q + 17. Let g(n) = 15*a(n) + r(n). Give g(c).
12
Let w(l) = -l**2 - 4*l - 2. Suppose 0 = 4*i - i + 111. Let r = 44 + i. Suppose 5 = -3*v - r. Calculate w(v).
-2
Suppose -2*s = -5*x + 12, -4*x - 4*s + 3 = -1. Suppose 0 = k + x, -3*w + 5 = -k - 15. Let c(l) = -l**2 + 5*l - 3. What is c(w)?
-9
Let c(g) be the second derivative of g**5/20 - 7*g**4/6 + 13*g**3/6 + 19*g**2/2 + 1262*g. What is c(13)?
19
Let k(t) = 11*t - 2. Let s(j) be the third derivative of 1/6*j**3 - 1/120*j**6 + 0*j + 0 - 1/20*j**5 - 11*j**2 + 1/24*j**4. Let x be s(-3). Give k(x).
-24
Let x(c) = -c**2 + 19*c - 108. Let t(i) = 4*i**2 - 79*i - 14. Let h be t(20). Determine x(h).
-30
Let s(i) be the first derivative of -i**3/3 + 7*i**2 + 10*i - 11920. Give s(16).
-22
Suppose 16*a - 19 = 17*a. Let y = a + 25. Let f be (y/(-7))/(12/(-56)). Let c(u) = u**2 - 3*u + 6. What is c(f)?
10
Let u = 71 - 55. Let i(j) = 1 + 17*j**2 - u*j**2 + 1 + 4*j. Let l be (-4 - (1 + -2)) + -1. What is i(l)?
2
Let i(w) = -27*w**3 - 32*w**2 + 94*w - 8. Let v(x) = -17*x**3 - 20*x**2 + 59*x - 5. Let c(y) = -12*i(y) + 19*v(y). Give c(2).
11
Let u be (-2)/(-18) + (-3 - 2 - 535/(-45)). Let t(p) = p + 32. What is t(u)?
39
Let m(a) = -26*a - 72. Let x be m(-3). Let c be (-5 - (-54)/x)*1. Let s(h) = h**2 + 3. Calculate s(c).
19
Let t(a) = 4*a**3 - 4*a + 4. Let g be t(1). Suppose -3*p = 5*n - 10, 2*n - p - g = -5*p. Let d(x) = -8*x - 6*x + n + x**3 + 5*x**2 + 11*x. Determine d(-5).
17
Let x(r) = -2*r**3 + 11*r**2 + 2*r - 25. Let w be x(5). Suppose 0 = -2*o - 4*b - w, 5*b - b = -5*o - 7. Let j(c) = -4*c**2 + c - 2. Determine j(o).
-5
Let m(b) be the first derivative of b**4/12 - 5*b**3/6 - b**2/2 + 120*b - 22. Let x(y) be the first derivative of m(y). Determine x(6).
5
Let g(b) = 8*b**2 - 239*b - 43. Let m be g(30). Let f(h) = 2*h**2 + 27*h + 3. What is f(m)?
-10
Let k(i) = 8*i**3 + 4*i**2 - 79 - 19 - 5*i**3 + 94 - 2*i. Calculate k(-3).
-43
Let l(a) = 3*a**3 + 8*a**2 + 23*a + 72. Let w(k) = 2*k**3 - 2*k - 2. Let h(x) = -l(x) + w(x). Calculate h(-6).
4
Let k(t) = 17*t + 5. Let o(l) = 26*l + 8. Let u(g) = 13*k(g) - 8*o(g). Let q = 13 - 14. Determine u(q).
-12
Let h be 1/((-27)/4 + (-46 - -53)). Let z(s) = -2*s - 11. Give z(h).
-19
Let n be 3/6*-12 - (-13 - 4). Let b(r) = 5*r**2 + 6*r - 20. Let a(x) = -4*x**2 - 7*x + 19. Let z(j) = 6*a(j) + 5*b(j). Give z(n).
3
Suppose -182*x + 18*x - 302 = 26. Let l(r) = 3*r**2 - 9*r - 2. What is l(x)?
28
Let j = -70 + 64. Let p be (-2)/j + (-10)/30. Let g(v) = -v**3 - v**2 + v + 6. Calculate g(p).
6
Let u be ((-165)/66)/(39/(-6) + 4). Let n(x) = -45*x + 42. Determine n(u).
-3
Suppose -q - 64 = 2*m - 36, -4*q + 2*m - 62 = 0. Let l(w) = 3*w**3 + 54*w**2 - w - 19. Give l(q).
-1
Suppose d = -0*d + 9. Suppose -d*h + 56 = -h. Let y(u) = -u**2 - 7 - 5 + 12 + 5*u - h. What is y(6)?
-13
Let x(r) = 12*r + 40. Suppose 2*t = -4*d - 22, d + 16 = 5*t - 9*t. Calculate x(d).
-8
Let m(s) = -7 - 40 + 26669383*s**2 - 26669382*s**2 + 5*s. Determine m(5).
3
Let b(h) = -6*h**2 - 1. Let p(m) = -m**2 + 18*m + 43. Let f be p(18). Suppose 39*y = f*y. Let u be y + 8/(-12)*(-12)/(-8). What is b(u)?
-7
Let l(x) = 3*x**3 + x**2 - 2*x - 3. Suppose 10 = s - 2*c - c, -2*c - 20 = -4*s. Suppose 0 = -36*m - s*m - 80. Give l(m).
-19
Let q(n) = -n**3 + 8*n**2 - 8*n. Let k be (-4)/(-1)*(-33)/(-44). Suppose -k*r + 9 = -6*r, 2*v + 2*r = 0. Suppose -2*f = -v*f + 7. Give q(f).
-7
L